 base 9, what is -3 - -133?
130
In base 14, what is 8 + -4?
4
In base 11, what is -5 - 20a4?
-20a9
In base 7, what is 3562 + 0?
3562
In base 8, what is -120 - -10?
-110
In base 12, what is 0 - 183?
-183
In base 2, what is -11010101 - -100100?
-10110001
In base 10, what is 881 - 3?
878
In base 13, what is 287 + 9?
293
In base 2, what is 1010 - -1110000010?
1110001100
In base 14, what is 1b + 61?
7c
In base 5, what is -14001 - -10?
-13441
In base 3, what is -11001012 - 10?
-11001022
In base 11, what is -2 - -588?
586
In base 5, what is 0 + 14?
14
In base 10, what is 7327 - 2?
7325
In base 11, what is -24 - -2?
-22
In base 10, what is 7 - -16?
23
In base 4, what is -13313 - -10?
-13303
In base 16, what is 2d - -36?
63
In base 3, what is -11000 - 1020?
-12020
In base 7, what is -60 + -20?
-110
In base 15, what is 5 + -4dd?
-4d8
In base 4, what is -12 + 23?
11
In base 10, what is 1967 + 2?
1969
In base 4, what is 10111 - 1?
10110
In base 13, what is 2 + 4a?
4c
In base 8, what is -4 + -434?
-440
In base 6, what is 0 + -44?
-44
In base 3, what is 10 - 200021?
-200011
In base 7, what is -31 - -11?
-20
In base 8, what is -10 + -11?
-21
In base 11, what is -a4 - 10?
-104
In base 7, what is 10 - -542?
552
In base 11, what is 8 + -102a?
-1022
In base 4, what is 102 + 10?
112
In base 3, what is -10 - -1222221?
1222211
In base 15, what is 19 - -b?
25
In base 11, what is 150 - -22?
172
In base 14, what is 4d1 + 1?
4d2
In base 7, what is -11 - 226?
-240
In base 13, what is 31 - a?
24
In base 9, what is -2 - -3385?
3383
In base 13, what is 29 - 4?
25
In base 13, what is 4 + 137?
13b
In base 9, what is -4 + 1553?
1548
In base 16, what is -5 - -103?
fe
In base 8, what is -5 - -114?
107
In base 8, what is -3 - 12227?
-12232
In base 13, what is -5 + -c84?
-c89
In base 9, what is -116 + 4?
-112
In base 6, what is 103 + -331?
-224
In base 14, what is -3b + -21?
-5c
In base 3, what is -100 + 1200?
1100
In base 16, what is -98 + -8?
-a0
In base 3, what is 20 + 11102000?
11102020
In base 6, what is -2021 - 3?
-2024
In base 9, what is 2 - 87?
-85
In base 8, what is 30146 + 5?
30153
In base 13, what is -330 + 1?
-32c
In base 12, what is -a - 28?
-36
In base 9, what is 1 + 181?
182
In base 5, what is -142 + 2?
-140
In base 2, what is 10011101 - 1111?
10001110
In base 3, what is 120 + 1022?
1212
In base 5, what is 23 + -3444?
-3421
In base 4, what is -11111 - 230?
-12001
In base 7, what is 0 + -12421?
-12421
In base 11, what is -13 - 129?
-141
In base 14, what is -1d + -13d?
-15c
In base 10, what is -1 - -166?
165
In base 4, what is 112 - 20?
32
In base 7, what is -115 - -115?
0
In base 12, what is 245 - 0?
245
In base 2, what is 100000001 + -101?
11111100
In base 14, what is -28 - 1d?
-47
In base 10, what is 4532 - -3?
4535
In base 15, what is 4 - 37?
-33
In base 3, what is -1 + 111101102?
111101101
In base 13, what is -335 - -2?
-333
In base 12, what is 0 - -1?
1
In base 2, what is 100010001101 - -11?
100010010000
In base 7, what is -6 - -1066?
1060
In base 4, what is -3 - -101?
32
In base 16, what is -34 + 5?
-2f
In base 4, what is -21303 + -31?
-22000
In base 4, what is -20 + 122311?
122231
In base 10, what is 5 - 130?
-125
In base 8, what is -11 + -423?
-434
In base 16, what is -3 + c?
9
In base 5, what is -21 + 3?
-13
In base 15, what is 906 + 0?
906
In base 4, what is 11 + -23121?
-23110
In base 13, what is 304 + -4?
300
In base 9, what is 8 - -511?
520
In base 13, what is 99 + -9?
90
In base 4, what is -21 + -20?
-101
In base 3, what is -2222 + -2222?
-12221
In base 4, what is 102213 + -10?
102203
In base 10, what is 430 - 6?
424
In base 13, what is -b442 - 4?
-b446
In base 3, what is -220102 + 20?
-220012
In base 15, what is 1 - -12?
13
In base 7, what is 521 - -3?
524
In base 9, what is -21 - -2?
-18
In base 5, what is 10 + 141?
201
In base 6, what is -4 + -231?
-235
In base 7, what is -16 - -11?
-5
In base 13, what is 3 - 1140?
-113a
In base 15, what is -2 + 30?
2d
In base 13, what is -21 + -16?
-37
In base 4, what is -1300 - -3?
-1231
In base 4, what is -30120 + 10?
-30110
In base 16, what is 1a - -4?
1e
In base 7, what is -26 + -401?
-430
In base 7, what is -54344 + -4?
-54351
In base 15, what is -5 + 219?
214
In base 2, what is 10101011 + 10110?
11000001
In base 16, what is 21 + -5?
1c
In base 6, what is -103 + -41?
-144
In base 4, what is -102 + -103210?
-103312
In base 5, what is -440 + 0?
-440
In base 14, what is 0 - -15c1?
15c1
In base 8, what is 115 + -513?
-376
In base 2, what is -10 + -1100001?
-1100011
In base 15, what is 358 - 3?
355
In base 9, what is 10 + 676?
686
In base 12, what is -3 - 16a9?
-16b0
In base 7, what is 3 - -2412?
2415
In base 4, what is 113 - -103?
222
In base 11, what is -5a + -53?
-102
In base 6, what is 42 - -2134?
2220
In base 5, what is 0 - -2024?
2024
In base 10, what is 41 - -18?
59
In base 3, what is 12 - -120?
202
In base 2, what is 10111010 - -101?
10111111
In base 11, what is 1 - 1923?
-1922
In base 10, what is 4029 - -4?
4033
In base 14, what is d8a - 1?
d89
In base 6, what is 333 - 3?
330
In base 15, what is -5 + -19?
-1e
In base 6, what is -2412 - 14?
-2430
In base 4, what is 3232 - 13?
3213
In base 15, what is -a + -27?
-32
In base 12, what is -5276 + 5?
-5271
In base 10, what is -6 + 44?
38
In base 11, what is -76 + -2?
-78
In base 5, what is 40444 + -30?
40414
In base 3, what is 21002022 - -100?
21002122
In base 15, what is 1c30 - 1?
1c2e
In base 9, what is 5 + -1112?
-1106
In base 2, what is 11010001110000 - -100?
11010001110100
In base 14, what is 8c - -8?
96
In base 3, what is -2 - 2210221?
-2211000
In base 12, what is -414 + 4?
-410
In base 14, what is -3c - -4?
-38
In base 6, what is 3 - -235?
242
In base 14, what is -18 - -4?
-14
In base 8, what is -5 - -10?
3
In base 2, what is -11 - 101010110?
-101011001
In base 5, what is -103 - 11?
-114
In base 2, what is -101 + -1001?
-1110
In base 14, what is -15 + 31?
1a
In base 3, what is -1022200 - -12?
-1022111
In base 14, what is -b3 - 14?
-c7
In base 15, what is 0 - 70?
-70
In base 16, what is 16 + -5?
11
In base 9, what is 3 - 64?
-61
In base 14, what is 1 + -1c?
-1b
In base 10, what is 2 - 35?
-33
In base 13, what is -41bc - -2?
-41ba
In base 15, what is 0 - 40?
-40
In base 15, what is ce4 - -7?
ceb
In base 7, what is 0 + 225?
225
In base 10, what is 10 - -31?
41
In base 4, what is 3 + 3021?
3030
In base 7, what is -50 + 3?
-44
In base 3, what is -101001 - 2002?
-110010
In base 6, what is -31 + -13?
-44
In base 14, what is -24 - b?
-31
In base 9, what is -2313 + 2?
-2311
In base 4, what is -2111 - -21?
-2030
In base 16, what is -a1 + -1?
-a2
In base 13, what is -3 - b40?
-b43
In base 4, what is 2213 - 3?
2210
In base 15, what is 354 - 15?
33e
In base 10, what is -102 - -11?
-91
In base 4, what is 23 - 120?
-31
In base 3, what is 10 + -211?
-201
In base 11, what is 178 - 5?
173
In base 8, what is 52 - 2?
50
In base 14, what is -1 - 59?
-5a
In base 5, what is 13104 - -2?
13111
In base 15, what is -a - 3?
-d
In base 4, what is -1322 - 1020?
-3002
In base 9, what is 111 + 4?
115
In base 16, what is -aa - 9?
-b3
In base 5, what is 140 - -143?
333
In base 12, what is -36a + 3?
-367
In base 3, what is 1000 + -120?
110
In base 10, what is 10 - -556?
566
In base 12, what is -10 - -1b?
b
In base 13, what is 389 - 3?
386
In base 5, what is 1222 + 21?
1243
In base 7, what is 34231 + 2?
34233
In base 8, what is 4547 - 4?
4543
In base 8, what is -4 - 234?
-240
In base 9, what is -1000 + -1?
-1001
In base 10, what is -18 - -7?
-11
In base 7, what is 24520 - -2?
24522
In base 4, what is -333 - 1221?
-2220
In base 2, what is -10 - -1011000011?
1011000001
In base 5, what is 0 + 3301?
3301
In base 8, what is 3 + -103?
-100
In base 14, what is -5 + -9d5?
-9da
In base 2, what is 101011010011 + 10?
101011010101
In base 15, what is 14e49 - 5?
14e44
In base 3, what is 1 + -122020?
-122012
In base 9, what is 78 + 15?
104
In base 9, what is -27 - 300?
-327
In base 8, what is 5 - 230?
-223
In base 9, what is 4341 + -2?
4338
In base 14, what is -19 - -9?
-10
In base 11, what is 19 - 23?
-5
In base 13, what is 3a8 + -4?
3a4
In base 13, what is -6b + -4?
-72
In base 12, what is -1b1 + -7?
-1b8
In base 3, what is 20 + -12?
1
In base 2, what is -100 - 11000?
-11100
In base 13, what is -6 